{"id":19906,"date":"2022-03-09T13:00:39","date_gmt":"2022-03-09T11:00:39","guid":{"rendered":"http:\/\/dimec.etsii.upm.es\/?page_id=19906"},"modified":"2022-03-11T21:25:37","modified_gmt":"2022-03-11T19:25:37","slug":"laboratorios-y-servicios-cientificos","status":"publish","type":"page","link":"https:\/\/dimec.etsii.upm.es\/index.php\/laboratorios-y-servicios-cientificos\/","title":{"rendered":"Laboratorios y Servicios Cient\u00edficos"},"content":{"rendered":"<h3 style=\"text-align: center;\"><strong>LABORATORIOS DE ENSAYO<\/strong><\/h3>\n<p>En el departamento existen cuatro laboratorios de ensayos reconocidos en la <a href=\"https:\/\/mcyt.educa.madrid.org\/laboratorios\/busquedas\/Laboratorios\/default.asp\" target=\"_blank\" rel=\"noopener\">\u201cRed-Lab\u201d<\/a> de la Comunidad Aut\u00f3noma de Madrid:<\/p>\n<p><strong>Laboratorio de Desarrollo de Productos<\/strong><\/p>\n<p>Desarrollo de nuevos productos con funcionalidades avanzadas y geometr\u00edas especiales. Apoya en todas las fases del ciclo de vida de desarrollo de nuevos productos: desde el dise\u00f1o conceptual y la protecci\u00f3n de la propiedad intelectual, pasando por el dise\u00f1o de geometr\u00edas asistido por computador y la simulaci\u00f3n de funcionamiento, hasta la obtenci\u00f3n de prototipos y preseries, tanto en pol\u00edmeros y elast\u00f3meros, c\u00f3mo en diferentes metales. Para ello se usan las \u00faltimas tecnolog\u00edas de dise\u00f1o, modelado, an\u00e1lisis y simulaci\u00f3n por ordenador (CAD-CAM-CAE), y se aplican las m\u00e1s punteras t\u00e9cnicas de prototipado r\u00e1pido, mediante fabricaci\u00f3n aditiva y copiado r\u00e1pido de formas (impresi\u00f3n 3D, estereolitograf\u00eda l\u00e1ser de 3D Systems, estereolitograf\u00eda l\u00e1ser de Formlabs, \u00abfused deposition modeling\u00bb, colada bajo vac\u00edo, microfusi\u00f3n, inyecci\u00f3n), as\u00ed como tecnolog\u00edas de ingenier\u00eda inversa y digitalizaci\u00f3n 3D. Sus servicios permiten la elaboraci\u00f3n de componentes y productos avanzados para sectores tan diversos como: transporte (componentes para automoci\u00f3n y aeron\u00e1utica, modelos para t\u00fanel de viento&#8230;), energ\u00eda (componentes, soportes, lentes, concentradores), salud (andamios tisulares, microsistemas flu\u00eddicos, labs-on-chips, organs-on-chips, pr\u00f3tesis personalizadas), edificaci\u00f3n (maquetas y ensayos), ciencia y tecnolog\u00eda de materiales (incorporaci\u00f3n de materiales inteligentes, sensores, actuadores), ingenier\u00eda mec\u00e1nica, maquinaria industrial, componentes electr\u00f3nicos y para telecomunicaci\u00f3n, industria juguetera y joyer\u00eda, entre otros. <a href=\"http:\/\/ldp.etsii.upm.es\/\" target=\"_blank\" rel=\"noopener\"><strong>Enlace<\/strong><\/a><\/p>\n<p><strong>Laboratorio de M\u00e1quinas y Mecanismos LMM<\/strong><\/p>\n<p>LMM presta sus servicios tecnol\u00f3gicos en la realizaci\u00f3n de estudios, ensayos, informes, peritaciones, dict\u00e1menes, etc., sobre funcionamiento y seguridad de m\u00e1quinas industriales desde hace m\u00e1s de 25 a\u00f1os. Parte de estos ensayos de m\u00e1quinas industriales se refieren a sus caracter\u00edsticas ac\u00fasticas y vibratorias. Adem\u00e1s de los ensayos realizados sobre productos industriales, sus miembros tambi\u00e9n desempe\u00f1an labores de asesor\u00eda t\u00e9cnica y de normalizaci\u00f3n como expertos en seguridad en m\u00e1quinas de la Uni\u00f3n Europea. El LMM tambi\u00e9n se pertenece a grupos de trabajo de Normalizaci\u00f3n, de AENOR y participa en la elaboraci\u00f3n de un Glosario de T\u00e9rminos Ac\u00fasticos, que ser\u00e1 publicado por AENOR dicha entidad. Por ultimo, cabe mencionar que realiza campa\u00f1as peri\u00f3dicas de control de productos industriales para el an\u00e1lisis del grado de cumplimiento de la seguridad en m\u00e1quinas comercializadas en Espa\u00f1a, para lo cual, se efect\u00faan inspecciones y ensayos de m\u00e1quinas industriales, adquiridas en un gran n\u00famero de CCAA. Cabe, en concreto, destacar la campa\u00f1a de control de productos para la Comunidad de Madrid (Direcci\u00f3n General de Consumo). El LMM adem\u00e1s realiza peritaciones en los Juzgados para an\u00e1lisis y funcionamiento de m\u00e1quinas industriales, procede a la verificaci\u00f3n y puesta en servicio de m\u00e1quinas con respecto 89\/392\/CEE y sus modificaciones y act\u00faa como grupo de cooperaci\u00f3n administrativa en la inspecci\u00f3n de mercado de equipos incluidos en la Directiva de Seguridad en M\u00e1quinas. <strong><a href=\"http:\/\/www.dim.etsii.upm.es\/category\/servicios-tecnologicos\/\" target=\"_blank\" rel=\"noopener\">Enlace<\/a><\/strong><\/p>\n<p><strong>Laboratorio de Resistencia de Materiales<\/strong><\/p>\n<p>Su \u00e1rea principal de trabajo los ensayos de caracterizaci\u00f3n mec\u00e1nica y las pruebas de carga de elementos mec\u00e1nicos. Su actividad principal se centra en la comprobaci\u00f3n resistente de piezas de tama\u00f1o mediano (unos 3 m de longitud y 2 de altura), principalmente utillaje aeron\u00e1utico y ferroviario. Capacidad m\u00e1xima de carga: 200 t en tracci\u00f3n. 500 t en compresi\u00f3n. El laboratorio no est\u00e1 acreditado, pero sus medidas son trazables a patrones internacionales. <a href=\"http:\/\/labrm.mecaest.etsii.upm.es\/\" target=\"_blank\" rel=\"noopener\"><strong>Enlace<\/strong><\/a><\/p>\n<p><strong>Laboratorio de Tecnolog\u00edas Mec\u00e1nicas y de Fabricaci\u00f3n<\/strong><\/p>\n<p>El laboratorio tiene como misi\u00f3n la realizaci\u00f3n de an\u00e1lisis, estudios e informes relacionados con la mejora de los procesos y productos desde el punto de vista de su fabricaci\u00f3n. Su campo de actuaci\u00f3n son los ensayos de procesos de mecanizado, tanto en lo relativo a condiciones \u00f3ptimas de mecanizado como comportamiento de herramientas. Su servicio cubre una amplia gama de ensayos de las principales variables tecnol\u00f3gicas de los procesos de m\u00e1quina-herramienta como fuerzas-par, vida de herramienta o tiempos de proceso de cara a definir condiciones optimas de mecanizado, estudio de nuevas estrategias de procesos o an\u00e1lisis de nuevas herramientas de corte. Cuenta con un amplio equipamiento de m\u00e1quina-herramienta CNC, sistemas de adquisici\u00f3n y tratamiento intensivo de datos en linea, metrolog\u00eda y microscopia digital.\u00a0 <a href=\"http:\/\/fabricacion.industriales.upm.es\/laboratorio-red-cam\/\" target=\"_blank\" rel=\"noopener\"><strong>Enlace<\/strong><\/a><\/p>\n<h3 style=\"text-align: center;\"><strong>SERVICIOS CIENTIFICOS UPM<\/strong><\/h3>\n<p><strong>Servicio Cient\u00edfico de Construcci\u00f3n de Prototipos I+D<\/strong><\/p>\n<p>Servicio cient\u00edfico reconocido por el Consejo de Direcci\u00f3n de la Universidad Polit\u00e9cnica de Madrid con la misi\u00f3n de favorecer el acceso a los equipamientos e infraestructuras de investigaci\u00f3n por parte de terceros, maximizando su aprovechamiento y aportaci\u00f3n a la comunidad. Ofrece servicios de apoyo para la \u201c<em>fabricaci\u00f3n llave de mano de prototipos, sistemas o conjuntos construidos en materiales met\u00e1licos o pl\u00e1sticos con plena funcionalidad operativa<\/em>\u201d. Sus potenciales usuarios son los grupos de investigaci\u00f3n, laboratorios universitarios y centros tecn\u00f3logicos que necesiten validar sus resultados de investigaci\u00f3n mediante la fabricaci\u00f3n de piezas o sistemas-prototipo f\u00edsicos, incluyendo pre-series. El personal t\u00e9cnico especializado ofrece una asistencia integral a los usuarios aportando soluciones de dise\u00f1o que tengan en cuenta la fabricabilidad y mantenibilidad final del sistema. Cuenta con un amplio equipamiento de m\u00e1quina-herramienta CNC 3 y 5 ejes, inyeccion de plasticos, fabricaci\u00f3n aditiva y control dimensional.\u00a0 <a href=\"http:\/\/fabricacion.industriales.upm.es\/fabricacion-prototipos\/\" target=\"_blank\" rel=\"noopener\"><strong>Enlace<\/strong><\/a><\/p>\n<p><img loading=\"lazy\" decoding=\"async\" class=\"wp-image-1997 aligncenter\" src=\"http:\/\/fabricacion.industriales.upm.es\/wp-content\/uploads\/2022\/01\/SERVICIOS2.png\" sizes=\"(max-width: 850px) 100vw, 850px\" srcset=\"http:\/\/fabricacion.industriales.upm.es\/wp-content\/uploads\/2022\/01\/SERVICIOS2.png 850w, http:\/\/fabricacion.industriales.upm.es\/wp-content\/uploads\/2022\/01\/SERVICIOS2-300x181.png 300w, http:\/\/fabricacion.industriales.upm.es\/wp-content\/uploads\/2022\/01\/SERVICIOS2-768x463.png 768w\" alt=\"\" width=\"448\" height=\"270\" \/><\/p>\n","protected":false},"excerpt":{"rendered":"<p>LABORATORIOS DE ENSAYO En el departamento existen cuatro laboratorios de ensayos reconocidos en la \u201cRed-Lab\u201d de la Comunidad Aut\u00f3noma de Madrid: Laboratorio de Desarrollo de Productos Desarrollo de nuevos productos con funcionalidades avanzadas y geometr\u00edas especiales. Apoya en todas las <a href=\"https:\/\/dimec.etsii.upm.es\/index.php\/laboratorios-y-servicios-cientificos\/\" class=\"read-more\">Leer m\u00e1s&#8230;<\/a><\/p>\n","protected":false},"author":1,"featured_media":0,"parent":0,"menu_order":0,"comment_status":"closed","ping_status":"closed","template":"","meta":{"footnotes":""},"yoast_head":"<!-- This site is optimized with the Yoast SEO plugin v21.8.1 - https:\/\/yoast.com\/wordpress\/plugins\/seo\/ -->\n<title>Laboratorios y Servicios Cient\u00edficos - Departamento Ingenieria Mec\u00e1nica UPM<\/title>\n<meta name=\"description\" content=\"Informaci\u00f3n del departamento de ingenier\u00eda mec\u00e1nica de la universidad polit\u00e9cnica de Madrid\" \/>\n<meta name=\"robots\" content=\"index, follow, max-snippet:-1, max-image-preview:large, max-video-preview:-1\" \/>\n<link rel=\"canonical\" href=\"https:\/\/dimec.etsii.upm.es\/index.php\/laboratorios-y-servicios-cientificos\/\" \/>\n<meta property=\"og:locale\" content=\"es_ES\" \/>\n<meta property=\"og:type\" content=\"article\" \/>\n<meta property=\"og:title\" content=\"Laboratorios y Servicios Cient\u00edficos - Departamento Ingenieria Mec\u00e1nica UPM\" \/>\n<meta property=\"og:description\" content=\"Informaci\u00f3n del departamento de ingenier\u00eda mec\u00e1nica de la universidad polit\u00e9cnica de Madrid\" \/>\n<meta property=\"og:url\" content=\"https:\/\/dimec.etsii.upm.es\/index.php\/laboratorios-y-servicios-cientificos\/\" \/>\n<meta property=\"og:site_name\" content=\"Departamento Ingenieria Mec\u00e1nica UPM\" \/>\n<meta property=\"article:modified_time\" content=\"2022-03-11T19:25:37+00:00\" \/>\n<meta property=\"og:image\" content=\"http:\/\/fabricacion.industriales.upm.es\/wp-content\/uploads\/2022\/01\/SERVICIOS2.png\" \/>\n<meta name=\"twitter:card\" content=\"summary_large_image\" \/>\n<meta name=\"twitter:label1\" content=\"Tiempo de lectura\" \/>\n\t<meta name=\"twitter:data1\" content=\"5 minutos\" \/>\n<script type=\"application\/ld+json\" class=\"yoast-schema-graph\">{\"@context\":\"https:\/\/schema.org\",\"@graph\":[{\"@type\":\"WebPage\",\"@id\":\"https:\/\/dimec.etsii.upm.es\/index.php\/laboratorios-y-servicios-cientificos\/\",\"url\":\"https:\/\/dimec.etsii.upm.es\/index.php\/laboratorios-y-servicios-cientificos\/\",\"name\":\"Laboratorios y Servicios Cient\u00edficos - Departamento Ingenieria Mec\u00e1nica UPM\",\"isPartOf\":{\"@id\":\"http:\/\/dimec.etsii.upm.es\/#website\"},\"datePublished\":\"2022-03-09T11:00:39+00:00\",\"dateModified\":\"2022-03-11T19:25:37+00:00\",\"description\":\"Informaci\u00f3n del departamento de ingenier\u00eda mec\u00e1nica de la universidad polit\u00e9cnica de Madrid\",\"breadcrumb\":{\"@id\":\"https:\/\/dimec.etsii.upm.es\/index.php\/laboratorios-y-servicios-cientificos\/#breadcrumb\"},\"inLanguage\":\"es\",\"potentialAction\":[{\"@type\":\"ReadAction\",\"target\":[\"https:\/\/dimec.etsii.upm.es\/index.php\/laboratorios-y-servicios-cientificos\/\"]}]},{\"@type\":\"BreadcrumbList\",\"@id\":\"https:\/\/dimec.etsii.upm.es\/index.php\/laboratorios-y-servicios-cientificos\/#breadcrumb\",\"itemListElement\":[{\"@type\":\"ListItem\",\"position\":1,\"name\":\"Portada\",\"item\":\"http:\/\/dimec.etsii.upm.es\/\"},{\"@type\":\"ListItem\",\"position\":2,\"name\":\"Laboratorios y Servicios Cient\u00edficos\"}]},{\"@type\":\"WebSite\",\"@id\":\"http:\/\/dimec.etsii.upm.es\/#website\",\"url\":\"http:\/\/dimec.etsii.upm.es\/\",\"name\":\"Departamento Ingenieria Mec\u00e1nica UPM\",\"description\":\"Universidad Polit\u00e9cnica de Madrid\",\"publisher\":{\"@id\":\"http:\/\/dimec.etsii.upm.es\/#organization\"},\"potentialAction\":[{\"@type\":\"SearchAction\",\"target\":{\"@type\":\"EntryPoint\",\"urlTemplate\":\"http:\/\/dimec.etsii.upm.es\/?s={search_term_string}\"},\"query-input\":\"required name=search_term_string\"}],\"inLanguage\":\"es\"},{\"@type\":\"Organization\",\"@id\":\"http:\/\/dimec.etsii.upm.es\/#organization\",\"name\":\"Departamento Ingenieria Mec\u00e1nica UPM\",\"url\":\"http:\/\/dimec.etsii.upm.es\/\",\"logo\":{\"@type\":\"ImageObject\",\"inLanguage\":\"es\",\"@id\":\"http:\/\/dimec.etsii.upm.es\/#\/schema\/logo\/image\/\",\"url\":\"https:\/\/dimec.etsii.upm.es\/wp-content\/uploads\/2016\/05\/cropped-dimec_logo.png\",\"contentUrl\":\"https:\/\/dimec.etsii.upm.es\/wp-content\/uploads\/2016\/05\/cropped-dimec_logo.png\",\"width\":173,\"height\":90,\"caption\":\"Departamento Ingenieria Mec\u00e1nica UPM\"},\"image\":{\"@id\":\"http:\/\/dimec.etsii.upm.es\/#\/schema\/logo\/image\/\"}}]}<\/script>\n<!-- \/ Yoast SEO plugin. -->","yoast_head_json":{"title":"Laboratorios y Servicios Cient\u00edficos - Departamento Ingenieria Mec\u00e1nica UPM","description":"Informaci\u00f3n del departamento de ingenier\u00eda mec\u00e1nica de la universidad polit\u00e9cnica de Madrid","robots":{"index":"index","follow":"follow","max-snippet":"max-snippet:-1","max-image-preview":"max-image-preview:large","max-video-preview":"max-video-preview:-1"},"canonical":"https:\/\/dimec.etsii.upm.es\/index.php\/laboratorios-y-servicios-cientificos\/","og_locale":"es_ES","og_type":"article","og_title":"Laboratorios y Servicios Cient\u00edficos - Departamento Ingenieria Mec\u00e1nica UPM","og_description":"Informaci\u00f3n del departamento de ingenier\u00eda mec\u00e1nica de la universidad polit\u00e9cnica de Madrid","og_url":"https:\/\/dimec.etsii.upm.es\/index.php\/laboratorios-y-servicios-cientificos\/","og_site_name":"Departamento Ingenieria Mec\u00e1nica UPM","article_modified_time":"2022-03-11T19:25:37+00:00","og_image":[{"url":"http:\/\/fabricacion.industriales.upm.es\/wp-content\/uploads\/2022\/01\/SERVICIOS2.png"}],"twitter_card":"summary_large_image","twitter_misc":{"Tiempo de lectura":"5 minutos"},"schema":{"@context":"https:\/\/schema.org","@graph":[{"@type":"WebPage","@id":"https:\/\/dimec.etsii.upm.es\/index.php\/laboratorios-y-servicios-cientificos\/","url":"https:\/\/dimec.etsii.upm.es\/index.php\/laboratorios-y-servicios-cientificos\/","name":"Laboratorios y Servicios Cient\u00edficos - Departamento Ingenieria Mec\u00e1nica UPM","isPartOf":{"@id":"http:\/\/dimec.etsii.upm.es\/#website"},"datePublished":"2022-03-09T11:00:39+00:00","dateModified":"2022-03-11T19:25:37+00:00","description":"Informaci\u00f3n del departamento de ingenier\u00eda mec\u00e1nica de la universidad polit\u00e9cnica de Madrid","breadcrumb":{"@id":"https:\/\/dimec.etsii.upm.es\/index.php\/laboratorios-y-servicios-cientificos\/#breadcrumb"},"inLanguage":"es","potentialAction":[{"@type":"ReadAction","target":["https:\/\/dimec.etsii.upm.es\/index.php\/laboratorios-y-servicios-cientificos\/"]}]},{"@type":"BreadcrumbList","@id":"https:\/\/dimec.etsii.upm.es\/index.php\/laboratorios-y-servicios-cientificos\/#breadcrumb","itemListElement":[{"@type":"ListItem","position":1,"name":"Portada","item":"http:\/\/dimec.etsii.upm.es\/"},{"@type":"ListItem","position":2,"name":"Laboratorios y Servicios Cient\u00edficos"}]},{"@type":"WebSite","@id":"http:\/\/dimec.etsii.upm.es\/#website","url":"http:\/\/dimec.etsii.upm.es\/","name":"Departamento Ingenieria Mec\u00e1nica UPM","description":"Universidad Polit\u00e9cnica de Madrid","publisher":{"@id":"http:\/\/dimec.etsii.upm.es\/#organization"},"potentialAction":[{"@type":"SearchAction","target":{"@type":"EntryPoint","urlTemplate":"http:\/\/dimec.etsii.upm.es\/?s={search_term_string}"},"query-input":"required name=search_term_string"}],"inLanguage":"es"},{"@type":"Organization","@id":"http:\/\/dimec.etsii.upm.es\/#organization","name":"Departamento Ingenieria Mec\u00e1nica UPM","url":"http:\/\/dimec.etsii.upm.es\/","logo":{"@type":"ImageObject","inLanguage":"es","@id":"http:\/\/dimec.etsii.upm.es\/#\/schema\/logo\/image\/","url":"https:\/\/dimec.etsii.upm.es\/wp-content\/uploads\/2016\/05\/cropped-dimec_logo.png","contentUrl":"https:\/\/dimec.etsii.upm.es\/wp-content\/uploads\/2016\/05\/cropped-dimec_logo.png","width":173,"height":90,"caption":"Departamento Ingenieria Mec\u00e1nica UPM"},"image":{"@id":"http:\/\/dimec.etsii.upm.es\/#\/schema\/logo\/image\/"}}]}},"_links":{"self":[{"href":"https:\/\/dimec.etsii.upm.es\/index.php\/wp-json\/wp\/v2\/pages\/19906"}],"collection":[{"href":"https:\/\/dimec.etsii.upm.es\/index.php\/wp-json\/wp\/v2\/pages"}],"about":[{"href":"https:\/\/dimec.etsii.upm.es\/index.php\/wp-json\/wp\/v2\/types\/page"}],"author":[{"embeddable":true,"href":"https:\/\/dimec.etsii.upm.es\/index.php\/wp-json\/wp\/v2\/users\/1"}],"replies":[{"embeddable":true,"href":"https:\/\/dimec.etsii.upm.es\/index.php\/wp-json\/wp\/v2\/comments?post=19906"}],"version-history":[{"count":9,"href":"https:\/\/dimec.etsii.upm.es\/index.php\/wp-json\/wp\/v2\/pages\/19906\/revisions"}],"predecessor-version":[{"id":20011,"href":"https:\/\/dimec.etsii.upm.es\/index.php\/wp-json\/wp\/v2\/pages\/19906\/revisions\/20011"}],"wp:attachment":[{"href":"https:\/\/dimec.etsii.upm.es\/index.php\/wp-json\/wp\/v2\/media?parent=19906"}],"curies":[{"name":"wp","href":"https:\/\/api.w.org\/{rel}","templated":true}]}}