{"id":6,"date":"2016-04-18T09:26:26","date_gmt":"2016-04-18T09:26:26","guid":{"rendered":"http:\/\/dimec.etsii.upm.es\/doctorado\/?page_id=6"},"modified":"2022-02-26T16:26:21","modified_gmt":"2022-02-26T16:26:21","slug":"formacion-doctoral","status":"publish","type":"page","link":"http:\/\/dimec.etsii.upm.es\/doctorado\/index.php\/formacion-doctoral\/","title":{"rendered":"Formaci\u00f3n doctoral"},"content":{"rendered":"<p>En funci\u00f3n de la formaci\u00f3n previa que aporte cada uno de los candidatos, la Comisi\u00f3n Acad\u00e9mica del Programa de Doctorado (CAPD) decidir\u00e1 qu\u00e9 complementos deber\u00e1 cursar una vez evaluado en profundidad su historial acad\u00e9mico con la finalidad de reforzar la formaci\u00f3n del alumno.<\/p>\n<p><b><strong>Formaci\u00f3n obligatoria:<\/strong><\/b><\/p>\n<p>Con car\u00e1cter obligatorio se realizar\u00e1n las siguientes actividades formativas:<\/p>\n<ol>\n<li>Seminario de informaci\u00f3n y documentaci\u00f3n cient\u00edfica (<strong>30 horas<\/strong>).<\/li>\n<li>Seminario de gesti\u00f3n de la I+D+i (<strong>30 horas<\/strong>).<\/li>\n<li>Colaboraci\u00f3n e integraci\u00f3n en equipos de investigaci\u00f3n (<strong>200 horas<\/strong>).<\/li>\n<\/ol>\n<p>Estas actividades se realizar\u00e1n al inicio del periodo doctoral y en horario de tarde.<\/p>\n<p><b><strong>Formaci\u00f3n opcional:<\/strong><\/b><\/p>\n<p>El director de tesis podr\u00e1 recomendar al doctorando la realizaci\u00f3n de actividades relacionas con su trabajo de investigaci\u00f3n que tengan car\u00e1cter formativo, tanto transversales como espec\u00edficas.<\/p>\n<p>Las actividades transversales (comunes a los programas de doctrado UPM) est\u00e1n relacionadas con seminarios de informaci\u00f3n y documentaci\u00f3n cient\u00edfica asi como de gesti\u00f3n de la I+D+i impartidos por la UPM:<\/p>\n<ul>\n<li><a href=\"https:\/\/blogs.upm.es\/eidoctorado\/actividades-formativas\/\" target=\"_blank\" rel=\"noopener\">Escuela Internacional de Doctorado<\/a><\/li>\n<li><a href=\"https:\/\/www.ice.upm.es\/Actividades\/?c=POS\" target=\"_blank\" rel=\"noopener\">Instituto de Ciencias de la Educaci\u00f3n<\/a><\/li>\n<\/ul>\n<p>Existen actividades formativas espec\u00edficas del programa como las que se citan a continuaci\u00f3n, debiendo tener la duraci\u00f3n que en ella se indica para que dichas actividades sean consideradas:<\/p>\n<ol>\n<li>Estancias de investigaci\u00f3n en centros extranjeros con emisi\u00f3n de informe final (<strong>480 horas<\/strong>).<\/li>\n<li>Asistencia a seminarios de investigaci\u00f3n (<strong>10 horas<\/strong>).<\/li>\n<li>Presentaci\u00f3n de seminarios a cargo de doctorandos. Realizaci\u00f3n de jornadas de presentaci\u00f3n de resultados anuales: Elaboraci\u00f3n y exposici\u00f3n del Informe Anual (Plan de Investigaci\u00f3n) del doctorando (<strong>30 horas<\/strong>).<\/li>\n<li>Participaci\u00f3n en congresos (<strong>100 horas<\/strong>).<\/li>\n<li>Publicaci\u00f3n y difusi\u00f3n de los resultados de investigaci\u00f3n (<strong>200 horas<\/strong>).<\/li>\n<\/ol>\n<p>Los detalles de estas actividades pueden consultarse en el <a href=\"http:\/\/dimec.etsii.upm.es\/doctorado\/wp-content\/uploads\/2021\/03\/Actividades-formativas.pdf\" data-rich-text-format-boundary=\"true\">documento de formaci\u00f3n<\/a>.<\/p>\n<p>\u00a0<\/p>\n\n\n<p><\/p>\n\n\n\n<p><\/p>\n","protected":false},"excerpt":{"rendered":"<p>En funci\u00f3n de la formaci\u00f3n previa que aporte cada uno de los candidatos, la Comisi\u00f3n Acad\u00e9mica del Programa de Doctorado (CAPD) decidir\u00e1 qu\u00e9 complementos deber\u00e1 cursar una vez evaluado en profundidad su historial acad\u00e9mico con la finalidad de reforzar la <a href=\"http:\/\/dimec.etsii.upm.es\/doctorado\/index.php\/formacion-doctoral\/\" class=\"read-more\">Leer m\u00e1s&#8230;<\/a><\/p>\n","protected":false},"author":1,"featured_media":0,"parent":0,"menu_order":0,"comment_status":"closed","ping_status":"closed","template":"","meta":[],"yoast_head":"<!-- This site is optimized with the Yoast SEO plugin v18.2 - https:\/\/yoast.com\/wordpress\/plugins\/seo\/ -->\n<title>Formaci\u00f3n doctoral - DOCTORADO INGENIERIA MEC\u00c1NICA<\/title>\n<meta name=\"description\" content=\"En funci\u00f3n de la formaci\u00f3n previa que aporte cada uno de los candidatos, la Comisi\u00f3n Acad\u00e9mica del Programa de Doctorado decidir\u00e1 qu\u00e9 complementos deber\u00e1 cursar una vez evaluado en profundidad su historial acad\u00e9mico con la finalidad de reforzar la formaci\u00f3n del alumno.\" \/>\n<meta name=\"robots\" content=\"index, follow, max-snippet:-1, max-image-preview:large, max-video-preview:-1\" \/>\n<link rel=\"canonical\" href=\"http:\/\/dimec.etsii.upm.es\/doctorado\/index.php\/formacion-doctoral\/\" \/>\n<meta property=\"og:locale\" content=\"es_ES\" \/>\n<meta property=\"og:type\" content=\"article\" \/>\n<meta property=\"og:title\" content=\"Formaci\u00f3n doctoral - DOCTORADO INGENIERIA MEC\u00c1NICA\" \/>\n<meta property=\"og:description\" content=\"En funci\u00f3n de la formaci\u00f3n previa que aporte cada uno de los candidatos, la Comisi\u00f3n Acad\u00e9mica del Programa de Doctorado decidir\u00e1 qu\u00e9 complementos deber\u00e1 cursar una vez evaluado en profundidad su historial acad\u00e9mico con la finalidad de reforzar la formaci\u00f3n del alumno.\" \/>\n<meta property=\"og:url\" content=\"http:\/\/dimec.etsii.upm.es\/doctorado\/index.php\/formacion-doctoral\/\" \/>\n<meta property=\"og:site_name\" content=\"DOCTORADO INGENIERIA MEC\u00c1NICA\" \/>\n<meta property=\"article:modified_time\" content=\"2022-02-26T16:26:21+00:00\" \/>\n<meta name=\"twitter:card\" content=\"summary\" \/>\n<meta name=\"twitter:label1\" content=\"Tiempo de lectura\" \/>\n\t<meta name=\"twitter:data1\" content=\"2 minutos\" \/>\n<script type=\"application\/ld+json\" class=\"yoast-schema-graph\">{\"@context\":\"https:\/\/schema.org\",\"@graph\":[{\"@type\":\"WebSite\",\"@id\":\"https:\/\/dimec.etsii.upm.es\/doctorado\/#website\",\"url\":\"https:\/\/dimec.etsii.upm.es\/doctorado\/\",\"name\":\"DOCTORADO INGENIERIA MEC\u00c1NICA\",\"description\":\"\",\"potentialAction\":[{\"@type\":\"SearchAction\",\"target\":{\"@type\":\"EntryPoint\",\"urlTemplate\":\"https:\/\/dimec.etsii.upm.es\/doctorado\/?s={search_term_string}\"},\"query-input\":\"required name=search_term_string\"}],\"inLanguage\":\"es\"},{\"@type\":\"WebPage\",\"@id\":\"http:\/\/dimec.etsii.upm.es\/doctorado\/index.php\/formacion-doctoral\/#webpage\",\"url\":\"http:\/\/dimec.etsii.upm.es\/doctorado\/index.php\/formacion-doctoral\/\",\"name\":\"Formaci\u00f3n doctoral - DOCTORADO INGENIERIA MEC\u00c1NICA\",\"isPartOf\":{\"@id\":\"https:\/\/dimec.etsii.upm.es\/doctorado\/#website\"},\"datePublished\":\"2016-04-18T09:26:26+00:00\",\"dateModified\":\"2022-02-26T16:26:21+00:00\",\"description\":\"En funci\u00f3n de la formaci\u00f3n previa que aporte cada uno de los candidatos, la Comisi\u00f3n Acad\u00e9mica del Programa de Doctorado decidir\u00e1 qu\u00e9 complementos deber\u00e1 cursar una vez evaluado en profundidad su historial acad\u00e9mico con la finalidad de reforzar la formaci\u00f3n del alumno.\",\"breadcrumb\":{\"@id\":\"http:\/\/dimec.etsii.upm.es\/doctorado\/index.php\/formacion-doctoral\/#breadcrumb\"},\"inLanguage\":\"es\",\"potentialAction\":[{\"@type\":\"ReadAction\",\"target\":[\"http:\/\/dimec.etsii.upm.es\/doctorado\/index.php\/formacion-doctoral\/\"]}]},{\"@type\":\"BreadcrumbList\",\"@id\":\"http:\/\/dimec.etsii.upm.es\/doctorado\/index.php\/formacion-doctoral\/#breadcrumb\",\"itemListElement\":[{\"@type\":\"ListItem\",\"position\":1,\"name\":\"Portada\",\"item\":\"https:\/\/dimec.etsii.upm.es\/doctorado\/\"},{\"@type\":\"ListItem\",\"position\":2,\"name\":\"Formaci\u00f3n doctoral\"}]}]}<\/script>\n<!-- \/ Yoast SEO plugin. -->","yoast_head_json":{"title":"Formaci\u00f3n doctoral - DOCTORADO INGENIERIA MEC\u00c1NICA","description":"En funci\u00f3n de la formaci\u00f3n previa que aporte cada uno de los candidatos, la Comisi\u00f3n Acad\u00e9mica del Programa de Doctorado decidir\u00e1 qu\u00e9 complementos deber\u00e1 cursar una vez evaluado en profundidad su historial acad\u00e9mico con la finalidad de reforzar la formaci\u00f3n del alumno.","robots":{"index":"index","follow":"follow","max-snippet":"max-snippet:-1","max-image-preview":"max-image-preview:large","max-video-preview":"max-video-preview:-1"},"canonical":"http:\/\/dimec.etsii.upm.es\/doctorado\/index.php\/formacion-doctoral\/","og_locale":"es_ES","og_type":"article","og_title":"Formaci\u00f3n doctoral - DOCTORADO INGENIERIA MEC\u00c1NICA","og_description":"En funci\u00f3n de la formaci\u00f3n previa que aporte cada uno de los candidatos, la Comisi\u00f3n Acad\u00e9mica del Programa de Doctorado decidir\u00e1 qu\u00e9 complementos deber\u00e1 cursar una vez evaluado en profundidad su historial acad\u00e9mico con la finalidad de reforzar la formaci\u00f3n del alumno.","og_url":"http:\/\/dimec.etsii.upm.es\/doctorado\/index.php\/formacion-doctoral\/","og_site_name":"DOCTORADO INGENIERIA MEC\u00c1NICA","article_modified_time":"2022-02-26T16:26:21+00:00","twitter_card":"summary","twitter_misc":{"Tiempo de lectura":"2 minutos"},"schema":{"@context":"https:\/\/schema.org","@graph":[{"@type":"WebSite","@id":"https:\/\/dimec.etsii.upm.es\/doctorado\/#website","url":"https:\/\/dimec.etsii.upm.es\/doctorado\/","name":"DOCTORADO INGENIERIA MEC\u00c1NICA","description":"","potentialAction":[{"@type":"SearchAction","target":{"@type":"EntryPoint","urlTemplate":"https:\/\/dimec.etsii.upm.es\/doctorado\/?s={search_term_string}"},"query-input":"required name=search_term_string"}],"inLanguage":"es"},{"@type":"WebPage","@id":"http:\/\/dimec.etsii.upm.es\/doctorado\/index.php\/formacion-doctoral\/#webpage","url":"http:\/\/dimec.etsii.upm.es\/doctorado\/index.php\/formacion-doctoral\/","name":"Formaci\u00f3n doctoral - DOCTORADO INGENIERIA MEC\u00c1NICA","isPartOf":{"@id":"https:\/\/dimec.etsii.upm.es\/doctorado\/#website"},"datePublished":"2016-04-18T09:26:26+00:00","dateModified":"2022-02-26T16:26:21+00:00","description":"En funci\u00f3n de la formaci\u00f3n previa que aporte cada uno de los candidatos, la Comisi\u00f3n Acad\u00e9mica del Programa de Doctorado decidir\u00e1 qu\u00e9 complementos deber\u00e1 cursar una vez evaluado en profundidad su historial acad\u00e9mico con la finalidad de reforzar la formaci\u00f3n del alumno.","breadcrumb":{"@id":"http:\/\/dimec.etsii.upm.es\/doctorado\/index.php\/formacion-doctoral\/#breadcrumb"},"inLanguage":"es","potentialAction":[{"@type":"ReadAction","target":["http:\/\/dimec.etsii.upm.es\/doctorado\/index.php\/formacion-doctoral\/"]}]},{"@type":"BreadcrumbList","@id":"http:\/\/dimec.etsii.upm.es\/doctorado\/index.php\/formacion-doctoral\/#breadcrumb","itemListElement":[{"@type":"ListItem","position":1,"name":"Portada","item":"https:\/\/dimec.etsii.upm.es\/doctorado\/"},{"@type":"ListItem","position":2,"name":"Formaci\u00f3n doctoral"}]}]}},"_links":{"self":[{"href":"http:\/\/dimec.etsii.upm.es\/doctorado\/index.php\/wp-json\/wp\/v2\/pages\/6"}],"collection":[{"href":"http:\/\/dimec.etsii.upm.es\/doctorado\/index.php\/wp-json\/wp\/v2\/pages"}],"about":[{"href":"http:\/\/dimec.etsii.upm.es\/doctorado\/index.php\/wp-json\/wp\/v2\/types\/page"}],"author":[{"embeddable":true,"href":"http:\/\/dimec.etsii.upm.es\/doctorado\/index.php\/wp-json\/wp\/v2\/users\/1"}],"replies":[{"embeddable":true,"href":"http:\/\/dimec.etsii.upm.es\/doctorado\/index.php\/wp-json\/wp\/v2\/comments?post=6"}],"version-history":[{"count":11,"href":"http:\/\/dimec.etsii.upm.es\/doctorado\/index.php\/wp-json\/wp\/v2\/pages\/6\/revisions"}],"predecessor-version":[{"id":640,"href":"http:\/\/dimec.etsii.upm.es\/doctorado\/index.php\/wp-json\/wp\/v2\/pages\/6\/revisions\/640"}],"wp:attachment":[{"href":"http:\/\/dimec.etsii.upm.es\/doctorado\/index.php\/wp-json\/wp\/v2\/media?parent=6"}],"curies":[{"name":"wp","href":"https:\/\/api.w.org\/{rel}","templated":true}]}}