{"id":547,"date":"2022-02-21T17:51:30","date_gmt":"2022-02-21T17:51:30","guid":{"rendered":"http:\/\/dimec.etsii.upm.es\/doctorado\/?page_id=547"},"modified":"2022-02-26T15:43:59","modified_gmt":"2022-02-26T15:43:59","slug":"doc","status":"publish","type":"page","link":"http:\/\/dimec.etsii.upm.es\/doctorado\/index.php\/doc\/","title":{"rendered":"Doctorado industrial"},"content":{"rendered":"\n<p>El Doctorado Industrial es una modalidad de realizaci\u00f3n de los estudios de doctorado en la que la investigaci\u00f3n y la tesis se desarrolla en el contexto de un proyecto I+D que se desarrolla en una empresa bajo un acuerdo de colaboraci\u00f3n con la universidad.<\/p>\n\n\n\n<p>Las ventajas para la empresa son las siguientes:<\/p>\n\n\n\n<ul><li>Puede establecer una base s\u00f3lida para mejorar su competitividad a largo plazo, con personal altamente cualificado, proyecci\u00f3n y experiencia internacional.<\/li><li>Tiene la capacidad de acceder a los equipamientos cient\u00edficos y tecnol\u00f3gicos de \u00faltima generaci\u00f3n de la universidad.<\/li><li>Tiene la posibilidad de colaborar activamente con el personal acad\u00e9mico de las universidades, aprovechando la experiencia y el conocimiento en un \u00e1rea concreta.<\/li><li>Crea puentes de colaboraci\u00f3n con cient\u00edficos que pueden ser aliados estrat\u00e9gicos de futuro.<\/li><li>Puede aplicarse deducciones fiscales en el impuesto sobre sociedades y bonificaciones en las cotizaciones a la Seguridad Social.<\/li><li>Puede acceder a convocatorias p\u00fablicas de ayuda espec\u00edficas que cofinancian el coste salarial del doctorado.<\/li><\/ul>\n\n\n\n<p>Y las ventajas para los estudiantes de doctorado son los siguientes:<\/p>\n\n\n\n<ul><li>Contrato mercantil o laboral con el doctorando.<\/li><li>Oportunidad de participar en un proyecto de I+D+i que genera alto valor a\u00f1adido a su curr\u00edculum, contratados por una empresa comprometida con la innovaci\u00f3n y la investigaci\u00f3n.<\/li><li>Tutelados por profesionales de la empresa y de la universidad que orientan y eval\u00faan de forma continua sus progresos.<\/li><li>Trabajan en los laboratorios universitarios y en las instalaciones de las empresas implicadas.<\/li><li>Reciben formaci\u00f3n complementaria en materias que son muy atractivas para las empresas.<\/li><li>Pueden realizar una estancia internacional y asistir a congresos y jornadas que les aporten las relaciones y los contactos necesarios para desarrollarse profesionalmente en el mismo campo.<\/li><\/ul>\n\n\n\n<p>El doctorando deber\u00e1 participar en un proyecto de investigaci\u00f3n industrial o de desarrollo experimental que se desarrolle en la empresa en la que se preste el servicio, que no podr\u00e1 ser una Universidad, y que debe tener relaci\u00f3n directa con la tesis que realiza.<\/p>\n\n\n\n<p>La <strong>Comunidad de Madrid y el Plan Estatal de Investigaci\u00f3n<\/strong> publican cada a\u00f1o convocatorias abiertas de financiaci\u00f3n de los contratos pre-doctorales y fondos para el desarrollo del proyecto industrial:<\/p>\n\n\n\n<ul><li>Comunidad de Madrid. <strong><a href=\"https:\/\/mcyt.educa.madrid.org\/convocatorias\/convocatorias-2020\">Convocatoria 2020<\/a><\/strong><\/li><li>Programa Estatal de Promoci\u00f3n del Talento y su Empleabilidad. <strong><a href=\"https:\/\/www.ciencia.gob.es\/Convocatorias\/2021\/Ayudas-para-contratos-para-la-formacion-de-investigadores-en-empresas--Doctorados-Industriales--2021.html\">Convocatoria 2021<\/a><\/strong><\/li><\/ul>\n\n\n\n<p>Mas informaci\u00f3n sobre el doctorado industrial en el <a href=\"https:\/\/www.upm.es\/Estudiantes\/Estudios_Titulaciones\/Estudios_Doctorado\/Tesis\/doctoradoIndustrial\" target=\"_blank\" rel=\"noreferrer noopener\">enlace<\/a>.<\/p>\n","protected":false},"excerpt":{"rendered":"<p>El Doctorado Industrial es una modalidad de realizaci\u00f3n de los estudios de doctorado en la que la investigaci\u00f3n y la tesis se desarrolla en el contexto de un proyecto I+D que se desarrolla en una empresa bajo un acuerdo de <a href=\"http:\/\/dimec.etsii.upm.es\/doctorado\/index.php\/doc\/\" class=\"read-more\">Leer m\u00e1s&#8230;<\/a><\/p>\n","protected":false},"author":1,"featured_media":0,"parent":0,"menu_order":0,"comment_status":"closed","ping_status":"closed","template":"","meta":[],"yoast_head":"<!-- This site is optimized with the Yoast SEO plugin v18.2 - https:\/\/yoast.com\/wordpress\/plugins\/seo\/ -->\n<title>Doctorado industrial - DOCTORADO INGENIERIA MEC\u00c1NICA<\/title>\n<meta name=\"description\" content=\"Doctorado ingenier\u00eda mec\u00e1nica de la universidad polit\u00e9cnica de Madrid.\" \/>\n<meta name=\"robots\" content=\"index, follow, max-snippet:-1, max-image-preview:large, max-video-preview:-1\" \/>\n<link rel=\"canonical\" href=\"http:\/\/dimec.etsii.upm.es\/doctorado\/index.php\/doc\/\" \/>\n<meta property=\"og:locale\" content=\"es_ES\" \/>\n<meta property=\"og:type\" content=\"article\" \/>\n<meta property=\"og:title\" content=\"Doctorado industrial - DOCTORADO INGENIERIA MEC\u00c1NICA\" \/>\n<meta property=\"og:description\" content=\"Doctorado ingenier\u00eda mec\u00e1nica de la universidad polit\u00e9cnica de Madrid.\" \/>\n<meta property=\"og:url\" content=\"http:\/\/dimec.etsii.upm.es\/doctorado\/index.php\/doc\/\" \/>\n<meta property=\"og:site_name\" content=\"DOCTORADO INGENIERIA MEC\u00c1NICA\" \/>\n<meta property=\"article:modified_time\" content=\"2022-02-26T15:43:59+00:00\" \/>\n<meta name=\"twitter:card\" content=\"summary\" \/>\n<meta name=\"twitter:label1\" content=\"Tiempo de lectura\" \/>\n\t<meta name=\"twitter:data1\" content=\"2 minutos\" \/>\n<script type=\"application\/ld+json\" class=\"yoast-schema-graph\">{\"@context\":\"https:\/\/schema.org\",\"@graph\":[{\"@type\":\"WebSite\",\"@id\":\"https:\/\/dimec.etsii.upm.es\/doctorado\/#website\",\"url\":\"https:\/\/dimec.etsii.upm.es\/doctorado\/\",\"name\":\"DOCTORADO INGENIERIA MEC\u00c1NICA\",\"description\":\"\",\"potentialAction\":[{\"@type\":\"SearchAction\",\"target\":{\"@type\":\"EntryPoint\",\"urlTemplate\":\"https:\/\/dimec.etsii.upm.es\/doctorado\/?s={search_term_string}\"},\"query-input\":\"required name=search_term_string\"}],\"inLanguage\":\"es\"},{\"@type\":\"WebPage\",\"@id\":\"http:\/\/dimec.etsii.upm.es\/doctorado\/index.php\/doc\/#webpage\",\"url\":\"http:\/\/dimec.etsii.upm.es\/doctorado\/index.php\/doc\/\",\"name\":\"Doctorado industrial - DOCTORADO INGENIERIA MEC\u00c1NICA\",\"isPartOf\":{\"@id\":\"https:\/\/dimec.etsii.upm.es\/doctorado\/#website\"},\"datePublished\":\"2022-02-21T17:51:30+00:00\",\"dateModified\":\"2022-02-26T15:43:59+00:00\",\"description\":\"Doctorado ingenier\u00eda mec\u00e1nica de la universidad polit\u00e9cnica de Madrid.\",\"breadcrumb\":{\"@id\":\"http:\/\/dimec.etsii.upm.es\/doctorado\/index.php\/doc\/#breadcrumb\"},\"inLanguage\":\"es\",\"potentialAction\":[{\"@type\":\"ReadAction\",\"target\":[\"http:\/\/dimec.etsii.upm.es\/doctorado\/index.php\/doc\/\"]}]},{\"@type\":\"BreadcrumbList\",\"@id\":\"http:\/\/dimec.etsii.upm.es\/doctorado\/index.php\/doc\/#breadcrumb\",\"itemListElement\":[{\"@type\":\"ListItem\",\"position\":1,\"name\":\"Portada\",\"item\":\"https:\/\/dimec.etsii.upm.es\/doctorado\/\"},{\"@type\":\"ListItem\",\"position\":2,\"name\":\"Doctorado industrial\"}]}]}<\/script>\n<!-- \/ Yoast SEO plugin. -->","yoast_head_json":{"title":"Doctorado industrial - DOCTORADO INGENIERIA MEC\u00c1NICA","description":"Doctorado ingenier\u00eda mec\u00e1nica de la universidad polit\u00e9cnica de Madrid.","robots":{"index":"index","follow":"follow","max-snippet":"max-snippet:-1","max-image-preview":"max-image-preview:large","max-video-preview":"max-video-preview:-1"},"canonical":"http:\/\/dimec.etsii.upm.es\/doctorado\/index.php\/doc\/","og_locale":"es_ES","og_type":"article","og_title":"Doctorado industrial - DOCTORADO INGENIERIA MEC\u00c1NICA","og_description":"Doctorado ingenier\u00eda mec\u00e1nica de la universidad polit\u00e9cnica de Madrid.","og_url":"http:\/\/dimec.etsii.upm.es\/doctorado\/index.php\/doc\/","og_site_name":"DOCTORADO INGENIERIA MEC\u00c1NICA","article_modified_time":"2022-02-26T15:43:59+00:00","twitter_card":"summary","twitter_misc":{"Tiempo de lectura":"2 minutos"},"schema":{"@context":"https:\/\/schema.org","@graph":[{"@type":"WebSite","@id":"https:\/\/dimec.etsii.upm.es\/doctorado\/#website","url":"https:\/\/dimec.etsii.upm.es\/doctorado\/","name":"DOCTORADO INGENIERIA MEC\u00c1NICA","description":"","potentialAction":[{"@type":"SearchAction","target":{"@type":"EntryPoint","urlTemplate":"https:\/\/dimec.etsii.upm.es\/doctorado\/?s={search_term_string}"},"query-input":"required name=search_term_string"}],"inLanguage":"es"},{"@type":"WebPage","@id":"http:\/\/dimec.etsii.upm.es\/doctorado\/index.php\/doc\/#webpage","url":"http:\/\/dimec.etsii.upm.es\/doctorado\/index.php\/doc\/","name":"Doctorado industrial - DOCTORADO INGENIERIA MEC\u00c1NICA","isPartOf":{"@id":"https:\/\/dimec.etsii.upm.es\/doctorado\/#website"},"datePublished":"2022-02-21T17:51:30+00:00","dateModified":"2022-02-26T15:43:59+00:00","description":"Doctorado ingenier\u00eda mec\u00e1nica de la universidad polit\u00e9cnica de Madrid.","breadcrumb":{"@id":"http:\/\/dimec.etsii.upm.es\/doctorado\/index.php\/doc\/#breadcrumb"},"inLanguage":"es","potentialAction":[{"@type":"ReadAction","target":["http:\/\/dimec.etsii.upm.es\/doctorado\/index.php\/doc\/"]}]},{"@type":"BreadcrumbList","@id":"http:\/\/dimec.etsii.upm.es\/doctorado\/index.php\/doc\/#breadcrumb","itemListElement":[{"@type":"ListItem","position":1,"name":"Portada","item":"https:\/\/dimec.etsii.upm.es\/doctorado\/"},{"@type":"ListItem","position":2,"name":"Doctorado industrial"}]}]}},"_links":{"self":[{"href":"http:\/\/dimec.etsii.upm.es\/doctorado\/index.php\/wp-json\/wp\/v2\/pages\/547"}],"collection":[{"href":"http:\/\/dimec.etsii.upm.es\/doctorado\/index.php\/wp-json\/wp\/v2\/pages"}],"about":[{"href":"http:\/\/dimec.etsii.upm.es\/doctorado\/index.php\/wp-json\/wp\/v2\/types\/page"}],"author":[{"embeddable":true,"href":"http:\/\/dimec.etsii.upm.es\/doctorado\/index.php\/wp-json\/wp\/v2\/users\/1"}],"replies":[{"embeddable":true,"href":"http:\/\/dimec.etsii.upm.es\/doctorado\/index.php\/wp-json\/wp\/v2\/comments?post=547"}],"version-history":[{"count":6,"href":"http:\/\/dimec.etsii.upm.es\/doctorado\/index.php\/wp-json\/wp\/v2\/pages\/547\/revisions"}],"predecessor-version":[{"id":614,"href":"http:\/\/dimec.etsii.upm.es\/doctorado\/index.php\/wp-json\/wp\/v2\/pages\/547\/revisions\/614"}],"wp:attachment":[{"href":"http:\/\/dimec.etsii.upm.es\/doctorado\/index.php\/wp-json\/wp\/v2\/media?parent=547"}],"curies":[{"name":"wp","href":"https:\/\/api.w.org\/{rel}","templated":true}]}}