{"id":24,"date":"2016-04-22T20:22:39","date_gmt":"2016-04-22T20:22:39","guid":{"rendered":"http:\/\/dimec.etsii.upm.es\/doctorado\/?page_id=24"},"modified":"2022-05-26T13:44:09","modified_gmt":"2022-05-26T13:44:09","slug":"presentacion","status":"publish","type":"page","link":"http:\/\/dimec.etsii.upm.es\/doctorado\/","title":{"rendered":"Presentaci\u00f3n"},"content":{"rendered":"<h6 style=\"text-align: right;\"><a href=\"http:\/\/dimec.etsii.upm.es\/doctorado\/?page_id=420&amp;preview=true\">English version<\/a><a href=\"http:\/\/dimec.etsii.upm.es\/doctorado\/?page_id=420&amp;preview=true\"><img loading=\"lazy\" class=\"alignright wp-image-446\" src=\"http:\/\/dimec.etsii.upm.es\/doctorado\/wp-content\/uploads\/2022\/02\/bandera.png\" alt=\"\" width=\"17\" height=\"12\" \/><\/a><\/h6>\n<p>El <em><strong>Doctorado en Ingenier\u00eda Mec\u00e1nica<\/strong><\/em> persigue la formaci\u00f3n de investigadores de alto nivel, en el marco de la estrateg\u00eda de excelencia de la <em><strong>Universidad Polit\u00e9cnica de Madrid (UPM)<\/strong><\/em>.<\/p>\n<p>Los resultados obtenidos hasta la fecha han permitido situar el \u00e1rea de Ingenier\u00eda Mec\u00e1nica UPM dentro del TOP50 a nivel mundial del Ranking QS by Subject (2019 y 2020).<\/p>\n<p><img loading=\"lazy\" class=\"wp-image-108 aligncenter\" src=\"http:\/\/dimec.etsii.upm.es\/doctorado\/wp-content\/uploads\/2019\/05\/QS-300x180.jpg\" alt=\"\" width=\"198\" height=\"119\" srcset=\"http:\/\/dimec.etsii.upm.es\/doctorado\/wp-content\/uploads\/2019\/05\/QS-300x180.jpg 300w, http:\/\/dimec.etsii.upm.es\/doctorado\/wp-content\/uploads\/2019\/05\/QS-768x461.jpg 768w, http:\/\/dimec.etsii.upm.es\/doctorado\/wp-content\/uploads\/2019\/05\/QS-360x216.jpg 360w, http:\/\/dimec.etsii.upm.es\/doctorado\/wp-content\/uploads\/2019\/05\/QS.jpg 1000w\" sizes=\"(max-width: 198px) 100vw, 198px\" \/><\/p>\n<p>Los estudios contemplan una formaci\u00f3n espec\u00edfica en el \u00e1rea cient\u00edfica o tecnol\u00f3gica adaptada al curriculum de grado o ingenier\u00eda con el que se accede. El doctorando desarrollar\u00e1 un trabajo de investigaci\u00f3n in\u00e9dito y de alta calidad cient\u00edfica, realizado de forma aut\u00f3noma y bajo la supervisi\u00f3n y asesoramiento de expertos investigadores.<\/p>\n<p>La duraci\u00f3n m\u00e1xima de los estudios de Doctorado a tiempo completo es de 3 a\u00f1os, prorrogables hasta un m\u00e1ximo de 5, mientras que, para los estudios de Doctorado a tiempo parcial, la duraci\u00f3n m\u00e1xima de es de 5 a\u00f1os, prorrogables hasta un m\u00e1ximo de 8. El periodo de formaci\u00f3n doctoral culmina con la elaboraci\u00f3n y defensa de la tesis doctoral, que dar\u00e1 cuenta del trabajo de investigaci\u00f3n realizado y de los resultados obtenidos.<\/p>\n<p>El programa se imparte en la\u00a0 E.T.S de Ingenieros Industriales y en \u00e9l participan distintas unidades docentes e investigadoras, mayoritariamente del <a href=\"http:\/\/dimec.etsii.upm.es\/\" target=\"_blank\" rel=\"noopener\"><strong>Departamento de Ingenier\u00eda Mec\u00e1nica<\/strong>,<\/a> actuando como coordinador del programa <a href=\"https:\/\/portalcientifico.upm.es\/es\/ipublic\/researcher\/307200\" target=\"_blank\" rel=\"noopener\">D. Jes\u00fas Felez<\/a>. La comisi\u00f3n acad\u00e9mia de doctorado y el curriculum del profesorado adscrito puede consultarlo en el <a href=\"http:\/\/dimec.etsii.upm.es\/doctorado\/index.php\/capd\/\" target=\"_blank\" rel=\"noopener\">enlace<\/a>.<\/p>\n<p>El programa de doctorado presenta una tasa de <em><strong>empleabilidad<\/strong><\/em> del 100%, trabajando todos ellos en actividades de I+D, ingenier\u00eda o ense\u00f1anza directamente relacionadas con sus estudios doctorales, lo que pone de manifiesto el impacto de la formaci\u00f3n recibida. El gr\u00e1fico adjunto muestra la situaci\u00f3n laboral de los egresados desde 2018.<\/p>\n<p><img loading=\"lazy\" class=\"aligncenter wp-image-375 size-full\" src=\"http:\/\/dimec.etsii.upm.es\/doctorado\/wp-content\/uploads\/2022\/02\/Grafico-Egresados.jpg\" alt=\"\" width=\"567\" height=\"412\" srcset=\"http:\/\/dimec.etsii.upm.es\/doctorado\/wp-content\/uploads\/2022\/02\/Grafico-Egresados.jpg 567w, http:\/\/dimec.etsii.upm.es\/doctorado\/wp-content\/uploads\/2022\/02\/Grafico-Egresados-300x218.jpg 300w, http:\/\/dimec.etsii.upm.es\/doctorado\/wp-content\/uploads\/2022\/02\/Grafico-Egresados-360x262.jpg 360w\" sizes=\"(max-width: 567px) 100vw, 567px\" \/><\/p>\n\n\n<p>El grado de <strong><em>internacionalizaci\u00f3n<\/em><\/strong> del Programa es muy destacable, con alrededor de 1 movilidad internacional media por cada tesis defendida por los egresados y en torno a un 50% de las tesis defendidas desde su constituci\u00f3n calificadas con menci\u00f3n internacional. Los profesores del programa mantienen contactos con investigadores de universidades de prestigio internacional: Polit\u00e9cnico di Milano (Italia), Chalmers University of Technology, University of Saldford \u2013 Manchester, Universidade do Minho, Universita degli studi di Ferrara, Universidad de California Berkeley (EEUU), California Institute of Technology (EEUU), Fuzhou University (China), Central South University, Changsha (China), Catholic University of Leuven (B\u00e9lgica), Technical University of Munich (Alemania), Tokio Institute of Technology (Jap\u00f3n).<\/p>\n\n\n\n<p class=\"has-small-font-size\"><em>El Programa de Doctorado se encuentra actualmente en proceso de renovaci\u00f3n 2022 de la acreditaci\u00f3n que gestiona la Fundaci\u00f3n Madri+d.<\/em><\/p>\n","protected":false},"excerpt":{"rendered":"<p>English version El Doctorado en Ingenier\u00eda Mec\u00e1nica persigue la formaci\u00f3n de investigadores de alto nivel, en el marco de la estrateg\u00eda de excelencia de la Universidad Polit\u00e9cnica de Madrid (UPM). Los resultados obtenidos hasta la fecha han permitido situar el <a href=\"http:\/\/dimec.etsii.upm.es\/doctorado\/\" class=\"read-more\">Leer m\u00e1s&#8230;<\/a><\/p>\n","protected":false},"author":1,"featured_media":0,"parent":0,"menu_order":0,"comment_status":"closed","ping_status":"closed","template":"","meta":[],"yoast_head":"<!-- This site is optimized with the Yoast SEO plugin v18.2 - https:\/\/yoast.com\/wordpress\/plugins\/seo\/ -->\n<title>Presentaci\u00f3n - DOCTORADO INGENIERIA MEC\u00c1NICA<\/title>\n<meta name=\"description\" content=\"Doctorado ingenier\u00eda mec\u00e1nica de la universidad polit\u00e9cnica de Madrid.\" \/>\n<meta name=\"robots\" content=\"index, follow, max-snippet:-1, max-image-preview:large, max-video-preview:-1\" \/>\n<link rel=\"canonical\" href=\"https:\/\/dimec.etsii.upm.es\/doctorado\/\" \/>\n<meta property=\"og:locale\" content=\"es_ES\" \/>\n<meta property=\"og:type\" content=\"article\" \/>\n<meta property=\"og:title\" content=\"Presentaci\u00f3n - DOCTORADO INGENIERIA MEC\u00c1NICA\" \/>\n<meta property=\"og:description\" content=\"Doctorado ingenier\u00eda mec\u00e1nica de la universidad polit\u00e9cnica de Madrid.\" \/>\n<meta property=\"og:url\" content=\"https:\/\/dimec.etsii.upm.es\/doctorado\/\" \/>\n<meta property=\"og:site_name\" content=\"DOCTORADO INGENIERIA MEC\u00c1NICA\" \/>\n<meta property=\"article:modified_time\" content=\"2022-05-26T13:44:09+00:00\" \/>\n<meta property=\"og:image\" content=\"http:\/\/dimec.etsii.upm.es\/doctorado\/wp-content\/uploads\/2022\/02\/bandera.png\" \/>\n<meta name=\"twitter:card\" content=\"summary\" \/>\n<meta name=\"twitter:label1\" content=\"Tiempo de lectura\" \/>\n\t<meta name=\"twitter:data1\" content=\"3 minutos\" \/>\n<script type=\"application\/ld+json\" class=\"yoast-schema-graph\">{\"@context\":\"https:\/\/schema.org\",\"@graph\":[{\"@type\":\"WebSite\",\"@id\":\"https:\/\/dimec.etsii.upm.es\/doctorado\/#website\",\"url\":\"https:\/\/dimec.etsii.upm.es\/doctorado\/\",\"name\":\"DOCTORADO INGENIERIA MEC\u00c1NICA\",\"description\":\"\",\"potentialAction\":[{\"@type\":\"SearchAction\",\"target\":{\"@type\":\"EntryPoint\",\"urlTemplate\":\"https:\/\/dimec.etsii.upm.es\/doctorado\/?s={search_term_string}\"},\"query-input\":\"required name=search_term_string\"}],\"inLanguage\":\"es\"},{\"@type\":\"ImageObject\",\"@id\":\"https:\/\/dimec.etsii.upm.es\/doctorado\/#primaryimage\",\"inLanguage\":\"es\",\"url\":\"http:\/\/dimec.etsii.upm.es\/doctorado\/wp-content\/uploads\/2022\/02\/bandera.png\",\"contentUrl\":\"http:\/\/dimec.etsii.upm.es\/doctorado\/wp-content\/uploads\/2022\/02\/bandera.png\",\"width\":27,\"height\":19},{\"@type\":\"WebPage\",\"@id\":\"https:\/\/dimec.etsii.upm.es\/doctorado\/#webpage\",\"url\":\"https:\/\/dimec.etsii.upm.es\/doctorado\/\",\"name\":\"Presentaci\u00f3n - DOCTORADO INGENIERIA MEC\u00c1NICA\",\"isPartOf\":{\"@id\":\"https:\/\/dimec.etsii.upm.es\/doctorado\/#website\"},\"primaryImageOfPage\":{\"@id\":\"https:\/\/dimec.etsii.upm.es\/doctorado\/#primaryimage\"},\"datePublished\":\"2016-04-22T20:22:39+00:00\",\"dateModified\":\"2022-05-26T13:44:09+00:00\",\"description\":\"Doctorado ingenier\u00eda mec\u00e1nica de la universidad polit\u00e9cnica de Madrid.\",\"breadcrumb\":{\"@id\":\"https:\/\/dimec.etsii.upm.es\/doctorado\/#breadcrumb\"},\"inLanguage\":\"es\",\"potentialAction\":[{\"@type\":\"ReadAction\",\"target\":[\"https:\/\/dimec.etsii.upm.es\/doctorado\/\"]}]},{\"@type\":\"BreadcrumbList\",\"@id\":\"https:\/\/dimec.etsii.upm.es\/doctorado\/#breadcrumb\",\"itemListElement\":[{\"@type\":\"ListItem\",\"position\":1,\"name\":\"Portada\",\"item\":\"https:\/\/dimec.etsii.upm.es\/doctorado\/\"},{\"@type\":\"ListItem\",\"position\":2,\"name\":\"Presentaci\u00f3n\"}]}]}<\/script>\n<!-- \/ Yoast SEO plugin. -->","yoast_head_json":{"title":"Presentaci\u00f3n - DOCTORADO INGENIERIA MEC\u00c1NICA","description":"Doctorado ingenier\u00eda mec\u00e1nica de la universidad polit\u00e9cnica de Madrid.","robots":{"index":"index","follow":"follow","max-snippet":"max-snippet:-1","max-image-preview":"max-image-preview:large","max-video-preview":"max-video-preview:-1"},"canonical":"https:\/\/dimec.etsii.upm.es\/doctorado\/","og_locale":"es_ES","og_type":"article","og_title":"Presentaci\u00f3n - DOCTORADO INGENIERIA MEC\u00c1NICA","og_description":"Doctorado ingenier\u00eda mec\u00e1nica de la universidad polit\u00e9cnica de Madrid.","og_url":"https:\/\/dimec.etsii.upm.es\/doctorado\/","og_site_name":"DOCTORADO INGENIERIA MEC\u00c1NICA","article_modified_time":"2022-05-26T13:44:09+00:00","og_image":[{"url":"http:\/\/dimec.etsii.upm.es\/doctorado\/wp-content\/uploads\/2022\/02\/bandera.png"}],"twitter_card":"summary","twitter_misc":{"Tiempo de lectura":"3 minutos"},"schema":{"@context":"https:\/\/schema.org","@graph":[{"@type":"WebSite","@id":"https:\/\/dimec.etsii.upm.es\/doctorado\/#website","url":"https:\/\/dimec.etsii.upm.es\/doctorado\/","name":"DOCTORADO INGENIERIA MEC\u00c1NICA","description":"","potentialAction":[{"@type":"SearchAction","target":{"@type":"EntryPoint","urlTemplate":"https:\/\/dimec.etsii.upm.es\/doctorado\/?s={search_term_string}"},"query-input":"required name=search_term_string"}],"inLanguage":"es"},{"@type":"ImageObject","@id":"https:\/\/dimec.etsii.upm.es\/doctorado\/#primaryimage","inLanguage":"es","url":"http:\/\/dimec.etsii.upm.es\/doctorado\/wp-content\/uploads\/2022\/02\/bandera.png","contentUrl":"http:\/\/dimec.etsii.upm.es\/doctorado\/wp-content\/uploads\/2022\/02\/bandera.png","width":27,"height":19},{"@type":"WebPage","@id":"https:\/\/dimec.etsii.upm.es\/doctorado\/#webpage","url":"https:\/\/dimec.etsii.upm.es\/doctorado\/","name":"Presentaci\u00f3n - DOCTORADO INGENIERIA MEC\u00c1NICA","isPartOf":{"@id":"https:\/\/dimec.etsii.upm.es\/doctorado\/#website"},"primaryImageOfPage":{"@id":"https:\/\/dimec.etsii.upm.es\/doctorado\/#primaryimage"},"datePublished":"2016-04-22T20:22:39+00:00","dateModified":"2022-05-26T13:44:09+00:00","description":"Doctorado ingenier\u00eda mec\u00e1nica de la universidad polit\u00e9cnica de Madrid.","breadcrumb":{"@id":"https:\/\/dimec.etsii.upm.es\/doctorado\/#breadcrumb"},"inLanguage":"es","potentialAction":[{"@type":"ReadAction","target":["https:\/\/dimec.etsii.upm.es\/doctorado\/"]}]},{"@type":"BreadcrumbList","@id":"https:\/\/dimec.etsii.upm.es\/doctorado\/#breadcrumb","itemListElement":[{"@type":"ListItem","position":1,"name":"Portada","item":"https:\/\/dimec.etsii.upm.es\/doctorado\/"},{"@type":"ListItem","position":2,"name":"Presentaci\u00f3n"}]}]}},"_links":{"self":[{"href":"http:\/\/dimec.etsii.upm.es\/doctorado\/index.php\/wp-json\/wp\/v2\/pages\/24"}],"collection":[{"href":"http:\/\/dimec.etsii.upm.es\/doctorado\/index.php\/wp-json\/wp\/v2\/pages"}],"about":[{"href":"http:\/\/dimec.etsii.upm.es\/doctorado\/index.php\/wp-json\/wp\/v2\/types\/page"}],"author":[{"embeddable":true,"href":"http:\/\/dimec.etsii.upm.es\/doctorado\/index.php\/wp-json\/wp\/v2\/users\/1"}],"replies":[{"embeddable":true,"href":"http:\/\/dimec.etsii.upm.es\/doctorado\/index.php\/wp-json\/wp\/v2\/comments?post=24"}],"version-history":[{"count":51,"href":"http:\/\/dimec.etsii.upm.es\/doctorado\/index.php\/wp-json\/wp\/v2\/pages\/24\/revisions"}],"predecessor-version":[{"id":666,"href":"http:\/\/dimec.etsii.upm.es\/doctorado\/index.php\/wp-json\/wp\/v2\/pages\/24\/revisions\/666"}],"wp:attachment":[{"href":"http:\/\/dimec.etsii.upm.es\/doctorado\/index.php\/wp-json\/wp\/v2\/media?parent=24"}],"curies":[{"name":"wp","href":"https:\/\/api.w.org\/{rel}","templated":true}]}}